1?
9
Calculate the highest common divisor of 89 and 979.
89
Calculate the greatest common divisor of 55 and 27115.
55
What is the highest common divisor of 754 and 290?
58
Calculate the greatest common divisor of 62 and 93.
31
What is the greatest common factor of 525 and 45?
15
Calculate the highest common divisor of 825 and 65.
5
Calculate the greatest common factor of 489 and 6683.
163
What is the greatest common factor of 740 and 9805?
185
What is the greatest common factor of 15 and 65?
5
Calculate the highest common factor of 74 and 46250.
74
Calculate the highest common factor of 15 and 27.
3
What is the greatest common factor of 1809 and 459?
27
Calculate the highest common divisor of 157 and 1099.
157
Calculate the greatest common divisor of 3 and 673.
1
Calculate the highest common factor of 50 and 150.
50
Calculate the greatest common factor of 20604 and 505.
101
Calculate the greatest common divisor of 1914 and 66.
66
What is the greatest common divisor of 282 and 376?
94
Calculate the highest common divisor of 1932 and 690.
138
What is the greatest common divisor of 39 and 9477?
39
Calculate the greatest common factor of 129 and 387.
129
What is the greatest common factor of 1056 and 22?
22
Calculate the highest common factor of 16 and 46.
2
What is the greatest common divisor of 15 and 400?
5
What is the greatest common factor of 57 and 2337?
57
Calculate the greatest common factor of 128 and 29824.
128
What is the highest common factor of 36 and 38112?
12
What is the greatest common divisor of 920 and 5704?
184
What is the greatest common divisor of 1518 and 92?
46
What is the highest common factor of 28 and 148?
4
What is the highest common factor of 105 and 672?
21
What is the highest common factor of 8 and 2?
2
Calculate the greatest common divisor of 13 and 26377.
13
What is the highest common divisor of 121 and 737?
11
Calculate the greatest common divisor of 120 and 120.
120
Calculate the highest common divisor of 494 and 76.
38
Calculate the greatest common divisor of 168 and 560.
56
What is the greatest common factor of 800 and 5760?
160
Calculate the highest common factor of 60 and 1230.
30
Calculate the greatest common factor of 675 and 18.
9
Calculate the highest common divisor of 195 and 1131.
39
What is the greatest common factor of 12128 and 64?
32
What is the greatest common factor of 15 and 1815?
15
Calculate the highest common factor of 148 and 2.
2
Calculate the greatest common factor of 15 and 685.
5
What is the greatest common divisor of 2875 and 23?
23
What is the highest common factor of 55 and 297?
11
What is the greatest common divisor of 30 and 1620?
30
Calculate the highest common divisor of 235 and 141.
47
What is the greatest common divisor of 275 and 220?
55
What is the highest common divisor of 6 and 465?
3
Calculate the greatest common divisor of 423 and 1457.
47
What is the greatest common divisor of 3345 and 1784?
223
Calculate the greatest common divisor of 8 and 3928.
8
Calculate the greatest common factor of 693 and 315.
63
Calculate the highest common divisor of 549 and 305.
61
What is the highest common factor of 828 and 36?
36
Calculate the greatest common factor of 119 and 63.
7
Calculate the highest common factor of 160 and 2752.
32
Calculate the greatest common divisor of 50 and 90.
10
Calculate the highest common divisor of 1 and 157.
1
Calculate the highest common factor of 19 and 17.
1
Calculate the greatest common factor of 1649 and 291.
97
What is the greatest common factor of 55 and 121?
11
Calculate the highest common factor of 6 and 150.
6
Calculate the greatest common factor of 65 and 13130.
65
What is the highest common factor of 20 and 250?
10
Calculate the greatest common divisor of 68 and 99552.
68
Calculate the highest common factor of 5406 and 68.
34
What is the greatest common divisor of 400 and 900?
100
What is the greatest common factor of 392 and 16?
8
What is the greatest common factor of 28 and 266?
14
What is the highest common divisor of 179 and 44929?
179
Calculate the highest common factor of 11 and 27.
1
Calculate the greatest common divisor of 12 and 39.
3
Calculate the highest common divisor of 64861 and 37.
37
Calculate the greatest common factor of 510 and 170.
170
Calculate the highest common factor of 21 and 903.
21
Calculate the highest common factor of 25 and 9925.
25
What is the highest common divisor of 276 and 69?
69
What is the highest common divisor of 180 and 50?
10
What is the greatest common divisor of 434 and 378?
14
Calculate the greatest common divisor of 1950 and 3075.
75
Calculate the highest common factor of 135 and 54.
27
What is the highest common divisor of 151 and 122461?
151
Calculate the highest common divisor of 234 and 18.
18
Calculate the highest common factor of 52 and 715.
13
Calculate the highest common factor of 19 and 2.
1
Calculate the greatest common factor of 1 and 1039.
1
Calculate the greatest common factor of 767 and 118.
59
What is the highest common divisor of 128 and 16?
16
What is the highest common divisor of 716 and 2?
2
What is the highest common divisor of 8772 and 612?
204
Calculate the highest common divisor of 187 and 11.
11
Calculate the greatest common factor of 1334 and 184.
46
Calculate the greatest common factor of 5 and 2120.
5
What is the highest common factor of 22 and 418?
22
Calculate the greatest common factor of 5412 and 44.
44
Calculate the highest common divisor of 7 and 217.
7
What is the highest common divisor of 17 and 816?
17
What is the highest common factor of 10 and 25?
5
Calculate the highest common factor of 306 and 3570.
102
What is the greatest common factor of 12 and 3972?
12
Calculate the highest common divisor of 6 and 813.
3
What is the highest common factor of 20 and 305?
5
Calculate the greatest common divisor of 156 and 30342.
78
What is the highest common divisor of 128 and 176?
16
What is the greatest common divisor of 246 and 23862?
246
Calculate the greatest common factor of 44 and 1738.
22
What is the greatest common factor of 1501 and 703?
19
What is the greatest common factor of 44 and 2046?
22
What is the greatest common divisor of 31 and 17701?
31
Calculate the greatest common divisor of 22 and 13.
1
What is the highest common factor of 8596 and 56?
28
Calculate the highest common divisor of 2152 and 4.
4
Calculate the greatest common factor of 157 and 3925.
157
Calculate the greatest common divisor of 6825 and 390.
195
Calculate the highest common divisor of 35042 and 14.
14
Calculate the highest common divisor of 775 and 50.
25
What is the highest common divisor of 6192 and 32?
16
Calculate the greatest common divisor of 12 and 75.
3
What is the greatest common divisor of 1415 and 1981?
283
Calculate the greatest common divisor of 1287 and 234.
117
Calculate the greatest common divisor of 37 and 296.
37
Calculate the greatest common divisor of 66 and 2013.
33
What is the highest common divisor of 8 and 2?
2
Calculate the highest common factor of 130 and 845.
65
Calculate the highest common factor of 102 and 51.
51
Calculate the greatest common factor of 357 and 7.
7
What is the greatest common factor of 299 and 69?
23
What is the greatest common factor of 530 and 230?
10
What is the greatest common factor of 60 and 1140?
60
Calculate the greatest common divisor of 18 and 2682.
18
Calculate the greatest common factor of 34167 and 21.
21
Calculate the highest common divisor of 198 and 286.
22
Calculate the greatest common divisor of 18886 and 133.
133
What is the highest common factor of 378 and 126?
126
What is the greatest common factor of 336 and 105?
21
What is the highest common factor of 45 and 240?
15
What is the greatest common divisor of 387 and 36?
9
Calculate the highest common factor of 670 and 10.
10
What is the greatest common divisor of 1 and 5?
1
Calculate the greatest common factor of 65 and 117.
13
What is the greatest common divisor of 294 and 70?
14
What is the greatest common factor of 39 and 6?
3
Calculate the highest common divisor of 85 and 150.
5
What is the highest common divisor of 168 and 147?
21
Calculate the highest common divisor of 152 and 592.
8
What is the highest common factor of 1545 and 309?
309
Calculate the highest common fact